ne d(-5).
6
Let w(x) = -20*x**2 + 11*x + 8. What is w(-1)?
-23
Let y(g) = g**3 - 9*g**2 - 6. Calculate y(9).
-6
Let y(r) = r**3 + 8*r**2 - 7*r + 10. Give y(-9).
-8
Let j(u) = u**3 - 11*u**2 + 2*u + 14. Calculate j(10).
-66
Let c(h) = h**3 + 9*h**2 + h + 6. Give c(-9).
-3
Let t(p) = -p**3 - 3*p**2 + 4*p. Give t(-4).
0
Let b(m) = -14*m - 6. Calculate b(-5).
64
Let g(k) = -123*k - 389. What is g(-3)?
-20
Let z(j) = -14*j - 1. What is z(1)?
-15
Let d(z) = -6*z**2 + 6*z - 6. Give d(1).
-6
Let j(y) = -2*y + 23. What is j(11)?
1
Let b(p) = p**2 + 7*p - 12. Determine b(-7).
-12
Let n(l) = -5*l + 116. Give n(26).
-14
Let q(j) = -j**2 - 12*j - 4. Give q(-10).
16
Let i(q) = -q**2 - 12*q - 15. Calculate i(-12).
-15
Let b(s) = -3*s**2 + 32*s. Give b(11).
-11
Let k(t) = t**3 - 20*t**2 - 21*t + 8. Determine k(21).
8
Let a(v) = 2*v**2 - 17*v + 12. Give a(7).
-9
Let t(d) = -2*d**3 - 17*d**2 - 9*d + 14. Calculate t(-8).
22
Let w(p) = -6*p. Calculate w(1).
-6
Let t(y) = -3*y - 5. Calculate t(-3).
4
Let l(h) = -h**2 - 7*h - 5. Determine l(-4).
7
Let n(b) = -b**3 + 5*b**2 - 3*b + 3. Determine n(2).
9
Let o(q) = -117*q + 709. Give o(6).
7
Let j(y) = 3*y - 104. Give j(34).
-2
Let v(j) = -11*j - 37. Determine v(-4).
7
Let d(t) = 8*t**2 - 30*t - 20. What is d(5)?
30
Let t(y) = -2*y + 3. Determine t(2).
-1
Let d(o) = -o**3 + 5*o**2 + 5*o - 2. Determine d(6).
-8
Let t(b) = b**3 - 9*b**2 - 2*b + 18. Calculate t(9).
0
Let m(r) = 4*r**2 - 2*r - 6. What is m(5)?
84
Let w(n) = n**3 + 8*n**2 + 7*n + 2. What is w(-7)?
2
Let n(b) = 2*b + 33. Give n(-8).
17
Let c(g) = g**3 + 5*g**2 - 2. Give c(-5).
-2
Let b(j) = j**3 + 11*j**2 - 13*j - 5. Calculate b(-12).
7
Let d(k) = -k**2 - 18*k - 8. Give d(-16).
24
Let k(s) = s + 10. Calculate k(-20).
-10
Let j(h) = -h**2 - 58*h - 818. What is j(-25)?
7
Let k(g) = -g**2 - 11*g + 1. Determine k(-14).
-41
Let p(k) = -k**2 - 8*k - 20. Give p(-3).
-5
Let i(s) = -s**2 - s + 2. What is i(0)?
2
Let x(u) = 42*u + 416. What is x(-10)?
-4
Let r(b) = -4*b - 12. Calculate r(-7).
16
Let n(f) = 5*f + 29. What is n(-5)?
4
Let j(n) = 3*n**2 - 5*n - 7. Calculate j(5).
43
Let y(o) = 2*o**2 + 37*o + 139. What is y(-6)?
-11
Let g(z) = -4*z - 212. Determine g(-54).
4
Let q(w) = w**2 + 21*w + 29. Calculate q(-20).
9
Let n(z) = -8*z - 18. What is n(-3)?
6
Let y(d) = 2*d + 55. Calculate y(-13).
29
Let p(x) = -x**3 + 6*x**2 - 4*x - 7. Calculate p(3).
8
Let b(g) = 4*g**2 - 4*g - 1. What is b(2)?
7
Let v(h) = h**3 + h**2 + h - 4. What is v(0)?
-4
Let b(l) = l + 26. What is b(-19)?
7
Let o(i) = -2*i**2 + 23*i + 1. Give o(11).
12
Let a(g) = 97*g - 673. What is a(7)?
6
Let m(q) = 10*q - 9. Calculate m(5).
41
Let w(j) = -2*j**2 - 37*j - 82. Calculate w(-16).
-2
Let v(r) = -7*r + 14. Determine v(6).
-28
Let t(s) = s**2 + 13*s + 3. What is t(-15)?
33
Let t(o) = 19*o**2 + 74*o - 3. What is t(-4)?
5
Let w(z) = z**2 + 10*z - 16. Calculate w(-9).
-25
Let l(d) = -3*d**2 - 3*d - 1. Calculate l(-2).
-7
Let t(q) = q + 4. Give t(-2).
2
Let w(q) = 27*q + 710. What is w(-26)?
8
Let a(r) = r**2 - 31*r + 206. Calculate a(10).
-4
Let b(z) = -13*z**2 - z - 1. Calculate b(-2).
-51
Let c(a) = 2*a**2 - 10*a + 3. Calculate c(5).
3
Let t(l) = 9*l - 89. What is t(12)?
19
Let j(t) = -3*t - 13. What is j(4)?
-25
Let u(w) = -w**3 + 7*w**2 - 2*w - 3. Determine u(7).
-17
Let r(b) = -2*b**2 + 11*b + 5. What is r(5)?
10
Let r(h) = -h**3 - 22*h**2 - 41*h - 36. Calculate r(-20).
-16
Let l(n) = -n**3 - 9*n**2 + n - 10. Calculate l(-9).
-19
Let q(f) = -f - 32. Calculate q(-4).
-28
Let z(q) = 4*q + 1. Give z(14).
57
Let f(h) = -4*h + 4. What is f(2)?
-4
Let n(f) = 3*f + 32. Determine n(-10).
2
Let f(j) = j**3 - 9*j**2 + 9*j - 7. Give f(6).
-61
Let k(r) = -r**3 - 4*r**2 + 9*r + 3. What is k(-6)?
21
Let r(q) = 14*q - 418. Calculate r(30).
2
Let t(r) = 3*r**3 - 2*r**2 - 3*r + 2. What is t(2)?
12
Let j(o) = -o**2 - 2*o + 20. Give j(-5).
5
Let f(i) = -15*i - 145. Give f(-10).
5
Let m(l) = l**3 - 6*l**2. Calculate m(6).
0
Let s(b) = 4*b**2 + b - 4. Determine s(-3).
29
Let t(a) = -3*a + 15. What is t(6)?
-3
Let b(g) = 8*g**2 + g - 1. Calculate b(1).
8
Let t(d) = -d**2 + 11*d + 28. What is t(14)?
-14
Let p(i) = -i**2 + 3. Give p(-2).
-1
Let m(q) = -q**3 - 20*q**2 - 17*q + 21. Determine m(-19).
-17
Let n(o) = o**2 + o - 1. What is n(-3)?
5
Let o(j) = -j**3 - 29*j**2 + 63*j + 38. Determine o(-31).
7
Let r(x) = 8*x + 3. What is r(-1)?
-5
Let w(d) = 55*d. What is w(-1)?
-55
Let l(k) = -2*k**2 + 16*k + 28. Calculate l(10).
-12
Let b(u) = -u**2 - u - 6. Calculate b(0).
-6
Let a(w) = -8*w - 2. What is a(2)?
-18
Let h(q) = q**3 - 23*q**2 + 21*q + 22. Determine h(22).
0
Let k(w) = 10*w - 23. What is k(4)?
17
Let i(p) = p**3 - 7*p**2 + 5*p + 5. Give i(6).
-1
Let k(b) = 2*b**2 + 8*b - 1. Determine k(-6).
23
Let p(u) = -5*u + 9. Give p(4).
-11
Let r(c) = -c**3 + 5*c**2 + 3*c - 5. What is r(5)?
10
Let k(g) = 2*g - 13. Calculate k(3).
-7
Let r(w) = 15*w**3 + w**2 + w. Calculate r(-1).
-15
Let y(h) = h + 13. Determine y(-9).
4
Let t(g) = -6*g**2 + g + 3. Determine t(-1).
-4
Let x(u) = -u**3 - 4*u**2 - 3*u + 1. Give x(-4).
13
Let o(i) = i**3 + 2*i**2 - i + 3. Determine o(-2).
5
Let f(z) = 8*z - 4. Calculate f(4).
28
Let n(j) = -3*j + 27. What is n(23)?
-42
Let n(h) = 9*h + 244. Give n(-29).
-17
Let z(x) = -x**3 - 3*x**2 - 4*x - 6. What is z(-4)?
26
Let p(x) = 2*x**3 + 24*x**2 + 41*x + 8. What is p(-10)?
-2
Let s(y) = y**3 - 6*y**2 - y - 1. Determine s(5).
-31
Let w(f) = -45*f**2. Determine w(-1).
-45
Let h(x) = x**2 - 8*x - 2. Calculate h(9).
7
Let m(c) = 5*c - 87. Give m(18).
3
Let k(o) = -o**3 - 15*o**2 - 15*o - 4. Calculate k(-14).
10
Let b(d) = -9*d**3 - 3*d**2 - 8*d - 5. Give b(-1).
9
Let i(n) = n**2 - 8*n + 2. Calculate i(3).
-13
Let f(j) = 9*j + 364. Determine f(-40).
4
Let u(y) = -3*y**2 + 38*y + 16. Calculate u(13).
3
Let z(a) = -7*a - 7. Calculate z(-3).
14
Let x(f) = -2*f**2 - 13*f + 17. Give x(-8).
-7
Let i(g) = -4*g - 71. Calculate i(-17).
-3
Let f(w) = w**2 + 25*w + 155. What is f(-13)?
-1
Let a(o) = o**3 + 13*o**2 + 4*o + 27. Give a(-13).
-25
Let m(l) = 4*l - 5. Give m(-6).
-29
Let m(b) = 2*b**2 + 29*b + 23. Determine m(-11).
-54
Let g(v) = -v**3 - 11*v**2 - 23*v - 44. Give g(-9).
1
Let v(s) = 5*s - 42. Calculate v(7).
-7
Let t(l) = -2*l**3 + 16*l**2 - l + 7. Calculate t(8).
-1
Let p(t) = t**2 + 6*t - 12. Give p(-9).
15
Let j(c) = -c - 40. Give j(10).
-50
Let o(u) = -u**3 - 8*u**2 - 5*u - 3. Give o(-5).
-53
Let f(m) = -m**2 + 34*m - 221. Calculate f(9).
4
Let g(s) = 4*s**3 + 3*s**2 + 2*s + 1. Determine g(-3).
-86
Let v(x) = -2*x + 4. Give v(-10).
24
Let u(i) = -9*i - 39. Calculate u(-5).
6
Let v(u) = 4*u**3 - 42*u**2 + 20*u + 7. Calculate v(10).
7
Let p(m) = 65*m**2. What is p(1)?
65
Let d(w) = w**3 + 4*w**2 + 5*w + 5. What is d(-2)?
3
Let r(i) = i**3 - 11*i**2 + 29*i - 38. Determine r(8).
2
Let v(n) = n**3 + 4*n**2 + 4*n - 7. Calculate v(-5).
-52
Let y(j) = 4*j + 87. What is y(-24)?
-9
Let o(m) = -m**3 + 13*m**2 - 14*m + 14. Give o(12).
-10
Let x(v) = -4*v**2. Give x(-2).
-16
Let g(o) = o**2 - 29*o + 127. Determine g(4).
27
Let r(l) = l**3 + 12*l**2 + 13*l + 4. Calculate r(-11).
-18
Let o(d) = 2*d**3 + 14*d**2 - 6*d - 19. Calculate o(-7).
23
Let y(t) = -t**2 - t + 68. Calculate y(-9).
-4
Let u(r) = 3*r**2 + 10*r - 24. What is u(-7)?
53
Let r(n) = -2*n - 1. Calculate r(11).
-23
Let l(u) = -u + 19. Determine l(17).
2
Let x(s) = 4*s + 6. Determine x(4).
22
Let i(g) = -15*g**3. Determine i(1).
-15
Let w(y) = 7*y + 4. Give w(-8).
-52
Let v(g) = 28*g**2 + 6*g - 10. Give v(2).
114
Let q(n) = -n**3 + 8*n**2 - 13*n + 10. Calculate q(6).
4
Let d(o) = 9*o**3 + 5*o**2 + 4*o - 2. What is d(-2)?
-62
Let g(k) = -k**2 + 17*k + 2. Determine g(17).
2
Let g(b) = b**2 - 2*b - 10. Determine g(-6).
38
Let n(u) = u**3 + 4*u**2 + u + 5. Calculate n(0).
5
Let h(c) = c**2 - 14*c + 15. Calculate h(12).
-9
Let u(g) = 9*g - 253. Determine u(29).
8
Let o(k) = k**2 - 4*k + 10. Determine o(4).
10
Let j(q) = -4*q + 9. Determine j(6).
-15
Let w(t) = t + 11. Calculate w(-4).
7
Let c(a) = -2*a**3 + 4*a**2 - 11*a + 8. Give c(3).
-43
Let p(l) = l**2 + 8*l + 8. Determine p(-5).
-7
Let g(l) = l**3 + 11*l**2 - 13*l + 4. What is g(-12)?
16
Let f(k) = -k**2 + 10*k. What is f(9)?
9
Let q(r) = r**2 + 8*r - 11. Give q(-10).
9
Let n(q) = q**2 - 6*q - 1. W